 + (-2 - z). Suppose 4*d = 5*w + 295, 3*d + b*w - 48 - 212 = 0. What is the tens digit of d?
8
Let g = -16483 + 31368. What is the hundreds digit of g?
8
Let y = 727 - 736. What is the thousands digit of (-6)/108*y*2084?
1
Suppose -4*x - 3*y + 50 = -3*x, 46 = x + 2*y. Let a = x - 39. What is the units digit of (372/(-8))/(a/2)?
3
Let l = -148 + 153. Suppose -h = -l, -h + 2*h - 325 = -q. What is the tens digit of q?
2
Suppose 8*b - 4*b = 428. Suppose -3 = -3*k, k + b = 4*f - 0*f. Suppose -162 = -3*u + f. What is the units digit of u?
3
Suppose 4*h = -23*s + 19*s + 53292, -h + 13335 = -s. What is the ten thousands digit of h?
1
Let z(s) = s**3 + 152*s**2 + 49*s + 1902. What is the tens digit of z(-151)?
0
Let b = 629 + 4984. What is the hundreds digit of b?
6
Let d = -146 - -151. Suppose 2*z - 459 = -4*b + b, 770 = 5*b + d*z. What is the hundreds digit of b?
1
Suppose -4*s + s - 15 = 0, 3*s = 5*t - 52985. What is the units digit of t?
4
Let q = 19007 - 7573. What is the ten thousands digit of q?
1
Suppose o - 13 = -5*l, 0 = o + 5*l - 6*l - 1. Let f(h) = 18*h**2 + h - 10. What is the tens digit of f(o)?
5
Let n(r) = -14*r - 73. Let y be n(-15). Let j = y - 50. Suppose -28*d = -27*d - j. What is the tens digit of d?
8
What is the hundreds digit of 9/(-11 - -8) + (-76027)/(-7)?
8
Suppose -15*b = -25*b + 16250. What is the units digit of b?
5
Let r be 15/9*1/3*9. Suppose r*f - 1855 = 80. What is the hundreds digit of f?
3
Suppose 0 = 5*w - 161646 + 4926. What is the thousands digit of w?
1
Let g = -1751 + 5643. What is the hundreds digit of g?
8
Suppose -283926 = -5*k - 22*h + 20*h, -5*k + 5*h = -283870. What is the thousands digit of k?
6
What is the ten thousands digit of (29 + -31 + 2/4)/(2/(-106844))?
8
What is the thousands digit of 38539*1 + (10/(-4) - (-135)/270)?
8
Let g be -3 + 6 + 2 - 2. Suppose g*s - 13 = 14. Suppose -8*m - 194 = -s*m. What is the units digit of m?
4
Let w be -1 - (-2)/(-1) - 68/(-1). Let s = w + -57. Suppose 10 = 2*t + s. What is the units digit of t?
1
Let y be (-2)/9 - (-112)/18. Let f(u) be the second derivative of -u**5/20 + 3*u**4/4 - u**3 + 5*u**2/2 + 414*u. What is the tens digit of f(y)?
7
Suppose -79747 = -4*t - u + 92934, -5*t - 4*u = -215854. What is the hundreds digit of t?
1
Let r be 335/(0/(-2) + -1). Let n be (168/3*-6)/(3/2). Let f = n - r. What is the units digit of f?
1
Suppose 20*i = 12*i + 40. What is the hundreds digit of (-4 - -4)/i + 318 + 0?
3
Suppose 20 = 7*k + 6. Let i be 216/(-3) - -3 - (-2 + k). Let d = 19 - i. What is the tens digit of d?
8
Let z(v) = v**3 - 12*v**2 + 21*v - 88. Let y(j) = 4*j - 23. Let q be y(9). What is the hundreds digit of z(q)?
3
Let i be 0/(-3) - (-9 + 4 - 12). Suppose -i*n + 1636 = -2631. What is the hundreds digit of n?
2
Let y(s) = 2*s**2 - 5*s - 1. Let z be y(9). Let n = 377 - z. What is the hundreds digit of n?
2
Suppose -44 = 4*b - 60. Suppose b*z - 698 = -2*g + 6*z, 4*g - z = 1393. What is the hundreds digit of g?
3
What is the units digit of 8*(-20417)/(-204)*96/4?
6
Let l(z) = -z**2 + 2*z + 638. Let i be l(0). Suppose i = v - 105. What is the tens digit of v?
4
Let j(g) = -330*g**3 + 43*g**2 + 240*g - 25. What is the thousands digit of j(-5)?
1
Let b be (-882)/(-112) - (-2)/16. Suppose -2124 = b*m + 1396. Let s = -186 - m. What is the hundreds digit of s?
2
Let u = -336 + 143. Suppose 18*g = 380 + 754. Let v = g - u. What is the units digit of v?
6
Suppose -33*u = -37*u + 64. Let j(d) = -10*d - 48. Let f be j(u). Let n = -62 - f. What is the hundreds digit of n?
1
Let v(p) = p**2 + 2*p - 7. Let f be v(-7). Suppose w - 88 = -f. Let r = w - 7. What is the units digit of r?
3
Let n = 458 + 260. Suppose -4*z = -1 - 15. Suppose -5*k - b + n = -0*b, 12 = z*b. What is the units digit of k?
3
Suppose -1864 = -q + 5463. What is the hundreds digit of q?
3
Let s(w) = -15*w + 29. Let v(p) = -2*p - 1. Let c(j) = s(j) + 2*v(j). What is the hundreds digit of c(-11)?
2
Let v = 40 - 129. Let c = 93 + v. Suppose -18 = -r + 4*s, 108 = -c*r + 8*r + 2*s. What is the units digit of r?
6
Let u(a) = -2*a**2 + 11*a + 20. Let k be u(6). Let z = -41 + 60. Suppose k*o + 145 = z*o. What is the units digit of o?
9
Let y be 2/4*(2326 - -28). Let k = y + -603. What is the tens digit of k?
7
Let w = -22627 + 55100. What is the hundreds digit of w?
4
Suppose -2*x - 4*w = 0, 4*w = -x - 2*x + 4. Suppose 4*o - c = x*c + 348, -4*o + 4*c + 344 = 0. What is the tens digit of o?
8
Let o = -3672 + 10736. What is the thousands digit of o?
7
Let z = -885 + 894. Suppose 594 = 2*b - 1206. Suppose -z*f - f + b = 0. What is the units digit of f?
0
Let x(i) = 2*i**2 - 1 - 14*i + 1 - 15 - i. What is the tens digit of x(9)?
1
Suppose 2*x = 3*w - 16957, x = 3*w - 1359 - 15593. What is the thousands digit of w?
5
Let l be 189/(-28) - 9/(-12). Let c(j) = 10*j**2 - 12*j - 6. Let n(m) = -19*m**2 + 24*m + 12. Let u(s) = l*n(s) - 11*c(s). What is the tens digit of u(-3)?
6
Let c be 2 + (-30)/(-5) + 4. Let z(q) = c*q**2 + 24 + 7*q + 50 - 92 + q**3. What is the tens digit of z(-11)?
2
Let f = -10317 - -15124. What is the thousands digit of f?
4
Let g(r) = 2519*r + 2623. What is the ten thousands digit of g(6)?
1
Suppose -5*i = 5*g - 10, -3*i - 4 + 10 = -2*g. Let c(o) = -i*o**2 - o - 2 - 18*o + o**2. What is the tens digit of c(-13)?
7
Let p(a) = 40354*a**2 + 34*a - 34. What is the hundreds digit of p(1)?
3
Let g(p) = -p**3 + 18*p**2 + 21*p - 17. Let i be -6 + (2 - -26) - 1/(-1). Let k be 0 + -1 + -3 + i. What is the units digit of g(k)?
1
Suppose -5*j = -5*p - 131140, -2*p + 131161 = 88*j - 83*j. What is the thousands digit of j?
6
Suppose 0 = -5*v + 4*x - 571, 0 = -x + 3 + 1. Let z = v - -217. Suppose 0*p + z = p - 4*i, -2*i - 494 = -4*p. What is the units digit of p?
6
What is the hundreds digit of (-5)/3 + 2 + (-106020)/(-27) + 1?
9
Let r = 690 - -375. Suppose 3*j - r = -2*j - 4*y, 2*j = -2*y + 428. What is the hundreds digit of j?
2
Let a be (-26*(-9)/(-24))/((-48)/64). Suppose a*z + 6*z - 9519 = 0. What is the tens digit of z?
0
Suppose b = k + 4*k - 283, 0 = -k + b + 55. Let f be ((-4)/(-1) + -3)*k/3. Suppose 6*t = f*t - 390. What is the units digit of t?
0
Let g = 692 + -688. What is the thousands digit of -10*(3 - 4/g - 113)?
1
Suppose -2*h - 1 = -3*z, -h - 7*z + 11*z = -2. Suppose 11 + 1 = -4*k. What is the units digit of (45/k)/(h/6)?
5
Suppose -27*f - 13*f = -1036520. What is the units digit of f?
3
Suppose -34*n + 193513 + 173449 = 0. What is the units digit of n?
3
Suppose -4*n + 19 = -1. Suppose n*g - 39 = 2*g. What is the units digit of (6 - (-3 + 5)) + g?
7
Suppose 0 = -11*g + 27*g + 12448. What is the tens digit of 2 + g/(-1) + -3 - -1?
7
Suppose 5*s + 2*n - 4*n = 25, 3*s - 11 = 2*n. Let w be 2 + 2 - s - -8. Suppose 2340 = w*u + 10*u. What is the hundreds digit of u?
1
What is the tens digit of (-4668 + (2 - 2))*8/((-64)/10)?
3
Let p be 2624/(-13) - 10/65. Let g = -714 - -373. Let u = p - g. What is the tens digit of u?
3
Suppose 0 = 4*d + 3*a + 1643, -3*d - a - 1241 = 3*a. What is the units digit of (-12)/4 - (d - -7)?
7
Let o(m) = m**2 + 3*m - 2. Let b be o(-4). Let a be -436*(-7)/(-196)*-7. Let k = a + b. What is the units digit of k?
1
Let v(t) = 5*t**3 - 5*t**2 + 12*t + 5. Suppose 114 = -14*a + 33*a. What is the tens digit of v(a)?
7
Let w(o) = o**3 + 28*o**2 + 15*o - 47. Let i be w(-24). Let b = -751 + i. What is the tens digit of b?
4
Suppose n - 33 = 187. Suppose -48*m + 52*m - n = 0. Suppose 3*i = -5*a + m, 0*i - i - 5 = 0. What is the units digit of a?
4
Let p(s) = -191*s - 211*s + 61*s + 11 + 64*s. What is the tens digit of p(-3)?
4
Let w be 2180 + (-1)/(-3 - (-42)/12). Suppose 2*x = -4*x + w. What is the hundreds digit of x?
3
What is the hundreds digit of (16929/(-54) + 19)/((-2)/8)?
1
Let m be 2*(-2 + (184 - (3 + -1))). Suppose -4*k - m = 652. Let p = k + 394. What is the hundreds digit of p?
1
Let j = 23 - 27. Let w(x) = -7*x - 24. Let o be w(j). Suppose -4*l + 3*m + 511 = 4*m, -o*l - 5*m + 523 = 0. What is the units digit of l?
7
Suppose -4*n = -2*h, -2*h - 3*h + n = 45. Suppose -5*g = 5*c - 0*c + 25, -3*g - 17 = 4*c. What is the units digit of (h/36 + c/9)*-38?
9
Let h = 296 + -158. Let y = 39 + h. What is the hundreds digit of y?
1
Suppose 492*q = 507*q - 61950. What is the thousa